*k - 2736. Give l(2).
-124
Let j(z) = z**3 - 30*z**2 - 12*z + 1327. What is j(0)?
1327
Let y(k) = -21*k**3 - 104*k**2 + 10*k + 46. Calculate y(-5).
21
Let x(k) = -2*k**2 - 176493*k - 1235362. Determine x(-7).
-9
Let q(x) = -11*x**3 + 495*x**2 - 17*x + 711. What is q(45)?
-54
Let s(m) = -5*m**2 - 1494*m + 3017. Give s(2).
9
Let d(h) = 5*h**3 - 32*h**2 + 39*h - 42. Give d(5).
-22
Let o(a) = -11967*a - 431292. Determine o(-36).
-480
Let j(u) = -3*u**2 - 265*u + 3497. Determine j(-98).
655
Let v(l) = 3*l**3 + 1059*l**2 + 4187*l - 352. What is v(-349)?
-3
Let v(n) = -n**2 + 338*n - 4422. What is v(14)?
114
Let c(u) = -u**3 + 412*u**2 + 877*u - 20219. Calculate c(414).
67
Let r(h) = -h**3 - 15*h**2 + 124*h + 1902. Determine r(-14).
-30
Let y(s) = 13*s**3 - 1109*s**2 - 772*s - 173. What is y(86)?
-1
Let o(d) = 2727*d - 11092. Give o(4).
-184
Let n(j) = -6808*j - 61291. Calculate n(-9).
-19
Let x(z) = -7*z**3 + 150*z**2 + 48*z - 229. What is x(22)?
-1109
Let t(i) = 62587*i + 375533. Give t(-6).
11
Let y(o) = -5*o**3 - 597*o**2 - 247*o - 1027. Calculate y(-119).
44
Let k(d) = -27335*d + 519342. Calculate k(19).
-23
Let h(k) = 6*k**3 + 70*k**2 + 143*k - 149. What is h(-9)?
-140
Let v(g) = 5*g**2 - 805*g - 14135. Determine v(177).
25
Let z(n) = -64*n**2 - 101*n + 709. Give z(10).
-6701
Let z(h) = -1691*h**3 + 16908*h**2 + 21*h + 1. Determine z(10).
11
Let s(j) = -29*j**2 - 35611*j - 71105. Calculate s(-2).
1
Let o(f) = 72*f**2 + 506*f + 17. Give o(-7).
3
Let q(j) = 61113*j - 122292. What is q(2)?
-66
Let w(b) = -2*b**3 - 20*b**2 + 91*b + 900. What is w(-11)?
141
Let q(i) = -i**2 + 151*i - 2071. Give q(150).
-1921
Let g(l) = l**3 - 69*l**2 + 313*l - 271. Give g(64).
-719
Let h(b) = 1222*b**3 + 2156*b**2 - b. Determine h(-2).
-1150
Let i(f) = 6*f**2 - 286*f + 2037. What is i(8)?
133
Let i(r) = -2002*r + 30033. Calculate i(15).
3
Let m(h) = -13752*h - 164998. Give m(-12).
26
Let v(u) = -u**3 - 34*u**2 + 2497*u - 107. Determine v(36).
-935
Let h(y) = -833825*y + 2501428. Calculate h(3).
-47
Let d(j) = -710*j + 55395. What is d(78)?
15
Let k(u) = 402*u - 35348. Give k(88).
28
Let z(d) = 437*d + 6311. Calculate z(-14).
193
Let k(m) = 1260*m - 182517. Determine k(145).
183
Let j(w) = -w**3 - 94*w**2 - 1052*w + 81. Give j(-81).
0
Let i(w) = 3343*w**2 + 26765*w + 127. Give i(-8).
-41
Let g(t) = t**2 - 52744*t + 421890. Give g(8).
2
Let o(r) = 149*r**3 + 32482*r**2 + r + 209. Determine o(-218).
-9
Let i(p) = 2*p**3 - 7898*p**2 - 31622*p + 6. Give i(-4).
-2
Let j(g) = 56773*g - 567741. Determine j(10).
-11
Let i(n) = -4*n**3 + 246*n**2 + 190*n - 4061. What is i(62)?
31
Let i(n) = -4242*n + 356309. Determine i(84).
-19
Let o(c) = -828*c - 19772. Determine o(-19).
-4040
Let d(s) = 9*s**2 + 3263*s - 16349. Give d(5).
191
Let t(y) = 6302*y - 6232. Calculate t(1).
70
Let q(b) = 1967*b + 15344. Calculate q(-8).
-392
Let x(r) = -3*r**3 - 101*r**2 + 1947*r + 25657. Calculate x(-44).
5
Let a(z) = -2*z**3 + 34*z**2 + 5390*z - 86596. Give a(16).
156
Let w(r) = 677*r - 308730. Calculate w(456).
-18
Let d(w) = 2*w**3 + 74*w**2 + 140*w - 125. Calculate d(-35).
-125
Let a(l) = -34*l**2 - 14833*l + 29671. Calculate a(2).
-131
Let n(c) = 167*c + 6790. What is n(-41)?
-57
Let h(k) = 1161800*k - 51119194. Calculate h(44).
6
Let d(r) = 34*r**2 + 3987*r + 270. Determine d(-117).
-783
Let d(f) = -43941*f - 263632. Give d(-6).
14
Let n(j) = j**3 + 3768*j + 22741. Give n(-6).
-83
Let s(l) = -l**3 + 70*l**2 + 1934*l - 89. Determine s(91).
2004
Let y(s) = -7*s**2 + 3382*s + 67567. Calculate y(-20).
-2873
Let c(o) = -12067*o - 60334. Determine c(-5).
1
Let k(j) = 45*j + 2269. Calculate k(-100).
-2231
Let s(l) = -l**3 - 28*l**2 - 445*l - 8330. Determine s(-24).
46
Let s(v) = -3*v**3 + 65*v**2 - 2*v - 510. Calculate s(21).
330
Let s(v) = -v**3 - 33*v**2 - 200*v + 19. Give s(0).
19
Let v(i) = -121699*i**2 + 1338690*i - 7. What is v(11)?
4
Let m(u) = -u**2 - 358459*u + 716919. Give m(2).
-3
Let w(d) = -16733*d - 83675. Give w(-5).
-10
Let x(c) = -52*c**2 - 1662*c - 1663. Calculate x(-1).
-53
Let c(l) = l**2 - 5402*l + 80786. Calculate c(15).
-19
Let m(l) = l**2 + 2616*l + 54506. Give m(-21).
11
Let t(l) = 63*l**3 + 2201*l**2 - 146*l - 402. Determine t(-35).
-192
Let t(g) = -g**3 + 19*g**2 + 326*g - 6088. Give t(20).
32
Let l(y) = 340*y + 2466. Calculate l(-10).
-934
Let q(w) = -2595*w - 215377. Determine q(-83).
8
Let m(i) = i**3 + 33*i**2 - 781*i - 25677. Give m(-34).
-279
Let i(a) = 7*a**3 - 33*a**2 - 70*a + 459. Give i(5).
159
Let z(n) = 608*n - 3018. What is z(5)?
22
Let l(h) = 45*h - 3266. Give l(82).
424
Let x(v) = 14*v**2 + 195*v - 164. What is x(-14)?
-150
Let l(p) = -5480*p - 217205. Give l(-40).
1995
Let d(b) = -5*b**3 + 234*b**2 - 2597*b + 86. Give d(18).
-4
Let w(i) = 1779*i - 5604. Calculate w(3).
-267
Let n(u) = 5761*u - 224681. Calculate n(39).
-2
Let d(s) = 2*s**3 - 152*s**2 + 702*s + 337. Determine d(71).
-231
Let d(t) = 16*t**3 - 84*t**2 - 22*t + 20. Give d(5).
-190
Let f(h) = -10558*h + 41737. Calculate f(4).
-495
Let g(j) = 48*j**2 - 3749*j + 331. Calculate g(78).
-59
Let m(w) = -w**3 - 84*w**2 + 258*w - 25376. What is m(-90)?
4
Let b(l) = -1561*l**3 - 221*l**2 + 223*l - 2. What is b(1)?
-1561
Let k(g) = -7574*g + 1552667. Give k(205).
-3
Let a(w) = -81688*w + 163635. Calculate a(2).
259
Let u(p) = -2*p**2 - 24*p - 191. Calculate u(-16).
-319
Let n(a) = a**3 + 562*a**2 + 1106*a - 628311. Determine n(-558).
-3
Let b(k) = 214015*k + 428034. What is b(-2)?
4
Let o(j) = -2*j**3 + 53*j**2 - 15*j + 605. Determine o(27).
-529
Let w(n) = -n**2 - 573508*n + 16059006. Calculate w(28).
-2
Let t(l) = -8*l**2 + 3858*l + 58594. What is t(497)?
-52
Let p(n) = -378*n - 11670. Give p(-30).
-330
Let g(d) = -7*d**2 - 373*d + 10688. Determine g(-74).
-42
Let c(i) = -i**2 + 2039*i - 78377. What is c(39)?
-377
Let v(y) = -96420*y - 578523. Give v(-6).
-3
Let z(c) = -23224*c + 139272. Give z(6).
-72
Let b(n) = 2*n**3 - 104*n**2 + 1284*n + 383. Determine b(21).
5
Let q(a) = -175*a + 1797. Give q(5).
922
Let w(p) = 3618*p + 756152. What is w(-209)?
-10
Let n(r) = 222*r + 2391. Give n(-15).
-939
Let w(y) = -4*y**2 + 9320*y - 650305. Give w(72).
-1
Let c(m) = 2*m**3 + 217*m**2 + 99*m - 250. Give c(-108).
722
Let b(m) = -2*m**3 + 27*m**2 - 454*m + 3643. Give b(9).
286
Let i(x) = 6*x**2 + 5204*x - 79402. Determine i(15).
8
Let x(k) = -533*k + 41141. Give x(77).
100
Let k(b) = -6393*b + 1029282. Calculate k(161).
9
Let x(g) = 33*g + 1807. Determine x(-24).
1015
Let a(x) = 1817*x - 32513. Calculate a(18).
193
Let g(p) = -83*p + 2754. Calculate g(17).
1343
Let x(a) = -2*a**3 - 131*a**2 + 3850*a - 1. What is x(22)?
-1
Let c(y) = 6*y**2 - 939*y - 1953. What is c(159)?
432
Let x(k) = -16975*k - 50942. Determine x(-3).
-17
Let z(y) = y**3 - 10*y**2 + 90*y - 554. What is z(8)?
38
Let v(h) = -h**3 + 12*h**2 - 269*h + 2164. Give v(9).
-14
Let g(v) = 4*v**2 + 1120*v + 15503. Give g(-14).
607
Let k(l) = 5*l**3 + 29*l**2 + 21*l - 351. Determine k(0).
-351
Let h(r) = 640*r**2 - 22404*r + 147. Determine h(35).
7
Let y(h) = -109*h + 1213. Calculate y(15).
-422
Let x(q) = -12320*q - 2759673. Give x(-224).
7
Let k(y) = -y**3 + 50*y**2 - 348*y + 9729. Calculate k(47).
0
Let n(o) = -127*o**3 - 48769*o**2 - 365*o + 7302. Give n(-384).
6
Let x(n) = 24*n**2 + 1983*n + 18369. Determine x(-72).
9
Let j(w) = -w**2 + 16839*w - 738983. Give j(44).
-3
Let i(u) = -u**3 - 606*u**2 - 7143*u - 9112. Calculate i(-594).
-202
Let k(z) = -31*z**2 + 67*z + 221. Determine k(-3).
-259
Let z(j) = -j**3 - 23*j**2 + 217*j + 188. Give z(-30).
-22
Let c(j) = 20*j**2 + 671*j + 843. Calculate c(-33).
480
Let x(i) = i**2 + 49*i - 3957. Give x(43).
-1
Let w(n) = 182*n - 33487. Give w(172).
-2183
Let s(h) = -87*h**2 - 1053*h - 1245. Calculate s(-11).
-189
Let p(z) = z**3 + 454*z**2 + 48955*z - 74240. Determine p(-275).
10
Let v(u) = u**3 + 79*u**2 - 2137*u + 770. Determine v(21).
-7
Let u(k) = 27522*k + 165285. Give u(-6).
153
Let h(i) = -i**3 + 26*i**2 - 89*i - 231. Calculate h(22).
-253
Let b(w) = -19240*w - 96085. Determine b(-5).
115
Let s(m) = -5*m**3 - 4118*m**2 + 1660*m + 9912. Give s(-824).
24
Let s(a) = 123924*a - 619526. Calculate s(5).
94
Let x(p) = 14919*p + 149176. What is x(-10)?
-14
Let b(t) = 3*t**3 - 218*t**2 + 1310*t + 706. Calcul